2)/3 + 178 + 2. Let l be (-31)/(-2)*(-1 - 1). Let y = q + l. Is y a prime number?
False
Let g = -4 + 16. Suppose -135 = -3*c - 2*c. Let z = c - g. Is z a composite number?
True
Suppose -n = 3*n - 5*j - 1784, 5*n + j - 2230 = 0. Is n a prime number?
False
Is 28/10*555/6 prime?
False
Let v(k) = 7*k**2 + 5*k + 1. Is v(-4) prime?
False
Suppose 3*q - q = -8. Is (-332)/(-6)*(-6)/q a prime number?
True
Suppose -280 + 85 = -5*k. Is k a composite number?
True
Suppose -3*x - 8 = -2*m - 8*x, 2*m - 4*x = 8. Suppose 0 = -q - 3*c + 27, 2*c = m*c - 4. Is q a composite number?
True
Is ((-2)/(-8))/(6/27624) composite?
False
Suppose -d + 5*s = -63, 4*d = 5*d - s - 71. Let c = 167 - d. Is c a prime number?
False
Let o be 3 + (-3 + 3 - 0). Is -5 + o + (-2 - -27) a composite number?
False
Let n(c) = c**2 - 5*c + 1. Is n(-5) a composite number?
True
Suppose 0*h = -4*h. Suppose -2*b - 3*u + 11 = 2, -4*b - 5*u + 13 = h. Is b*(1 + -9) + -1 a composite number?
False
Suppose -1055 = -4*o + 4*m + m, -4*m - 261 = -o. Is o prime?
False
Let d be (-2)/(-2) - (0 - 2). Suppose -4*w + 37 = -d*w. Is w prime?
True
Let l = 241 + -135. Is l a prime number?
False
Suppose -4*u + 9 - 29 = 0. Let o = u - -8. Suppose -2*w + w + m + o = 0, -w - 2*m + 6 = 0. Is w a composite number?
True
Suppose 11*c - 8574 - 3955 = 0. Is c prime?
False
Let q(n) = 21*n**2 - 22*n. Is q(-5) composite?
True
Let g = -1 - -3. Suppose -x - 1878 = g*x. Is 2/9 - x/18 prime?
False
Let w(a) = -467*a + 2. Let n be w(-2). Suppose 4*o - n + 172 = 0. Is o composite?
False
Let f(q) = -q**3 - 3*q**2 + 3*q + 7. Let x(h) = -h - 1. Let u(k) = k**2 + 2*k - 3. Let a(j) = u(j) + 3*x(j). Let c be a(0). Is f(c) a prime number?
True
Let d = 0 + 3. Suppose s = 5*z + 283, -s - d*z + 255 = -z. Is s a composite number?
False
Suppose 3*w = 6*w - 690. Suppose w + 446 = 4*y. Is y a prime number?
False
Let s(v) = -30*v**3 - 6*v**2 - 8*v + 7. Is s(-5) prime?
False
Let i(l) = -7*l**2 - 3*l. Let s be i(-3). Let a be s/10 + 12/(-20). Let u(j) = -j**3 - 3*j**2 + j - 5. Is u(a) prime?
True
Suppose -5*i = t + 1, -i - 2*i + 2 = -2*t. Let l(w) = w**2 + w + 4. Let j be l(i). Suppose -5*x - 3*g = -107, -2*g = -j - 4. Is x composite?
False
Is (-26)/(-3)*237 - 1 composite?
False
Suppose -4*s + 13 = 3*m, 22 = 4*m - 5*s - 16. Suppose -m*g + 3476 = -3*g. Is g composite?
True
Let u(v) = 6*v**2 - 12*v + 19. Is u(-11) a prime number?
True
Is ((-4659)/9)/(1/(-3)) a prime number?
True
Let n = -31 + 93. Is n a composite number?
True
Let w = -20 + 34. Suppose d = 45 + w. Is d a prime number?
True
Let v(d) = 2*d. Let x be v(2). Suppose 4593 = 5*c + 2*h, -x*h = c - 1049 + 134. Is c prime?
True
Suppose -3*n - 2*n + 25 = 0. Let x(y) = y**3 - 5*y**2 + 8*y - 3. Is x(n) a composite number?
False
Suppose 5*q + 2*y - 276 = 3*y, -5*q - 4*y = -271. Suppose q = -3*n + 148. Is n composite?
False
Suppose 236 = 2*t + 5*p, 2*p = -t + 39 + 78. Is t a composite number?
False
Is (-44)/(-6)*(10 + (-9730)/(-20)) a composite number?
True
Let t be (3 + 592)/1 + 2. Let s = 1064 - t. Is s a prime number?
True
Let f be 97 + (1 - 2 - -3). Suppose -4*o - f = -7*o. Is o prime?
False
Let a = 2 - -26. Let k be (-1)/3 - a/(-12). Is k + -2 - (0 + -14) composite?
True
Let t(j) = -j + 8. Let b be t(7). Let s(d) = 3 + b - d + 2 - d. Is s(-8) a prime number?
False
Let o(h) = 5*h**2 + 2*h + 1. Let m(n) = 2*n**2 + 4*n + 2. Let u be m(-2). Let j be o(u). Suppose -4*x - x = -j, 0 = 4*r - 4*x - 104. Is r prime?
True
Let h(d) = -d**3 + 6*d**2 - 5*d + 2. Let k be h(5). Suppose 5*r = 0, 0*g - k*r - 154 = -2*g. Is g a prime number?
False
Suppose -s - d - 38 = 0, -2*d + d - 164 = 4*s. Let h = s - -169. Is h a prime number?
True
Suppose -4*n + 3*n = 1356. Is ((-2)/(-6))/((-4)/n) a prime number?
True
Let r be (-1)/(-2 - (-4 - -1)). Let h(b) = 7*b**3 - b. Let m be h(r). Is m/12 + (-234)/(-4) a prime number?
False
Let l be -2*3*(-3)/6. Suppose l*r + 37 = -80. Is (1*r)/(5/(-5)) a prime number?
False
Let c = 5 - 3. Let i = -6 + 0. Is -3 - -5 - c*i a composite number?
True
Let j(q) = 10*q**3 - 5*q**2 + 11*q - 6. Let g(d) = 9*d**3 - 4*d**2 + 10*d - 6. Let v(a) = 7*g(a) - 6*j(a). Is v(5) a prime number?
True
Suppose -4*r + 3*w + 618 = -2120, 3*w + 6 = 0. Is r prime?
True
Let x be (3/(-3) - -1)/3. Suppose 0*a - 5*a + 1495 = x. Is a a prime number?
False
Let j(x) = -x**3 + 3*x**2 - 2. Let o = -1 + 4. Let u be j(o). Is (u + -1)*(-38)/6 prime?
True
Is 943 + (-4 - (3 + -7)) composite?
True
Let s be (-198)/(-12)*(-4)/(-3). Suppose -2*v + s = z, 77 = 5*v - 2*z - z. Is v a composite number?
False
Suppose 12 = -5*s + 32. Suppose -3*f - s*a = -f - 178, 5*a + 460 = 5*f. Is f composite?
True
Let x be (-3)/(-3 + 9/6). Suppose -15 = -7*d + x*d. Is -3 + 16 + 3 + d prime?
True
Suppose -4*f = 253 - 61. Suppose 3*j = j - 166. Let i = f - j. Is i composite?
True
Let q(f) = f + 655. Let a(j) = -j - 1. Let n be a(-1). Is q(n) composite?
True
Let p(h) = 574*h**2 + 3*h + 2. Is p(-1) prime?
False
Suppose 0 = 5*q + 2*k - 167, -7*q = -2*q + 4*k - 169. Suppose 3*j - q = 126. Is j composite?
False
Suppose 5 = 5*a, 3*x - a - 2031 = 32. Let m = x - 393. Is m prime?
False
Suppose 384 = 2*q + 58. Is q prime?
True
Let p = 2663 + -1494. Is p prime?
False
Let m be 281 - (0 + 4 - 3). Let t = -161 + m. Is t a composite number?
True
Let w(a) = a**2 + a. Let x be w(-3). Let z = x - 2. Is 46/6 + z/(-6) a prime number?
True
Let o(u) = -302*u. Let t be o(-1). Let a = t + -133. Is a a prime number?
False
Let i be -60*1 - (-1 + -1). Suppose 2*r + 0*w = -w - 407, -5 = w. Let z = i - r. Is z composite?
True
Let o = 824 - 557. Is o a prime number?
False
Let d(a) = 7*a**2 - 2*a + 2. Let h(z) = -z**3 - 4*z**2 - 2*z + 1. Let j be h(-3). Let q be 1 + (2 - (3 + j)). Is d(q) a prime number?
False
Suppose 5*d - 16 = d, 0 = -3*a + 5*d + 160. Suppose -a + 2 = -o. Is o composite?
True
Suppose -2*m + v = -274, 3*v + 544 = -0*m + 4*m. Is m prime?
True
Let w(l) = 215*l**3 - l**2 + 2*l - 2. Is w(1) composite?
True
Let z = -708 - -1207. Is z prime?
True
Suppose 0 = 5*f - 0*f - 5*w - 940, -4*w + 931 = 5*f. Suppose -4*h = -h - k - 556, -h + f = -2*k. Is h composite?
True
Suppose 0 = 3*i - 5*i + 78. Let x = i + -28. Let t = x + 10. Is t composite?
True
Let h(z) = 6*z**2 - 2. Let j be h(4). Suppose -124 = -k - 3*q, 2*q = -3*k - j + 445. Is k a composite number?
True
Suppose 1 = 5*x - 14. Suppose 46 = -b + x*b. Is b a prime number?
True
Let q(f) = 20*f**2 - 2*f - 2. Let m be q(2). Suppose 2*k = -2*x + 15 + 81, 5*x - 244 = -4*k. Let o = m - x. Is o a composite number?
True
Is 12/(-42) + (-1208)/(-14) a composite number?
True
Is 4/(-14) + 19878/42 prime?
False
Is 8774/10 - 4/10 a prime number?
True
Let r(z) = 750*z + 19. Is r(9) composite?
True
Suppose 4*f - 20 = -4. Suppose f*o - 2*s + 10 = 468, -2*o = -4*s - 226. Is o a composite number?
True
Suppose -2*s + 5*s - 2*r = 378, 12 = -4*r. Suppose -4*a + s = 3*p - 115, a = -4*p + 63. Is a a composite number?
False
Suppose v - 2*b - b - 138 = 0, -4*v + b + 552 = 0. Let z = -47 + v. Is z prime?
False
Let b = -67 - -150. Is b prime?
True
Suppose -2*w + 3382 = -4*g, -5*g - 1697 = -w - 0*g. Is w composite?
True
Suppose 21 + 27 = 3*b. Suppose -6*x + 2*x = -b. Suppose -g + x*f - f = -7, 0 = -3*f + 12. Is g composite?
False
Let u = 48 + 36. Let b = -31 + u. Is b composite?
False
Suppose -2*p - 1974 = -5*k - 325, 2*k - 668 = -2*p. Is k prime?
True
Let s be (12/(-7))/(2/(-14)). Let n(x) = -2*x**2 - x + 1. Let t be n(1). Let c = t + s. Is c a prime number?
False
Let b(d) = 39*d + 4. Let x be 74/14 - (-2)/(-7). Is b(x) a composite number?
False
Suppose 0 = a - 105 - 3. Suppose -5*d - 3*c = -540, 8*c - 4*c + a = d. Let q = -73 + d. Is q a composite number?
True
Let k(p) = -5*p. Let i be k(-1). Suppose i*u - 129 = 581. Is u a prime number?
False
Suppose 3*y - 8 = 4. Let w be 4 - -1*y/(-2). Is 33 + (4/1 - w) a composite number?
True
Let i(m) = m**2 + 9*m + 3. Let y be i(-9). Suppose -y*a + 696 = 207. Is a prime?
True
Let h(t) be the first derivative of 1 + 3*t + 2/3*t**3 + t**2. Is h(-2) prime?
True
Let l(v) = -v - 5. Let d be l(-8). Let o = d + -4. Is (-1364)/(-16) + o/4 a composite number?
True
Suppose 5 = -4*c + 1. Let k(w) = -w**2 + 3*w - 1. Let r be k(1). Is (c - r - -21)*1 a composite number?
False
Let r(m) = m**3 + 6*m**2 + 2*m + 9. Let l